s the highest common divisor of 28 and 343?
7
What is the highest common divisor of 2080 and 117?
13
What is the greatest common divisor of 12 and 348?
12
What is the highest common factor of 14 and 29?
1
What is the highest common factor of 1104 and 92?
92
Calculate the greatest common factor of 39 and 30407.
13
Calculate the highest common factor of 819 and 364.
91
Calculate the greatest common factor of 357 and 42.
21
What is the greatest common divisor of 52 and 4?
4
Calculate the greatest common divisor of 37 and 481.
37
Calculate the greatest common factor of 520 and 130.
130
What is the highest common factor of 14 and 408?
2
What is the greatest common factor of 8149 and 87?
29
What is the highest common factor of 1196 and 1?
1
Calculate the highest common divisor of 425 and 17.
17
What is the greatest common divisor of 110 and 620?
10
What is the highest common factor of 1770 and 1470?
30
What is the highest common divisor of 143 and 22?
11
What is the highest common divisor of 95 and 3235?
5
What is the highest common divisor of 2387 and 77?
77
What is the highest common factor of 759 and 1587?
69
What is the greatest common factor of 105 and 100?
5
Calculate the greatest common divisor of 105 and 70.
35
What is the greatest common factor of 1247 and 43?
43
What is the greatest common factor of 53025 and 15?
15
Calculate the greatest common divisor of 35 and 42.
7
Calculate the highest common factor of 220 and 55.
55
What is the highest common factor of 39 and 39?
39
Calculate the greatest common factor of 299 and 92.
23
Calculate the greatest common factor of 160 and 32.
32
What is the greatest common factor of 33 and 46959?
33
Calculate the highest common factor of 19 and 228.
19
Calculate the highest common factor of 48 and 408.
24
What is the highest common factor of 77 and 308?
77
What is the greatest common factor of 2461 and 1712?
107
Calculate the greatest common factor of 360 and 9090.
90
Calculate the greatest common divisor of 456 and 494.
38
Calculate the greatest common factor of 25 and 160.
5
What is the greatest common factor of 50 and 14225?
25
Calculate the highest common divisor of 806 and 62.
62
Calculate the greatest common divisor of 2960 and 1295.
185
What is the highest common divisor of 44 and 1268?
4
Calculate the greatest common factor of 57 and 66747.
57
Calculate the greatest common factor of 480 and 160.
160
What is the greatest common divisor of 4536 and 2184?
168
What is the greatest common divisor of 637 and 49?
49
Calculate the greatest common divisor of 18 and 2853.
9
What is the highest common factor of 55 and 935?
55
Calculate the greatest common factor of 869 and 316.
79
Calculate the highest common divisor of 741 and 13.
13
What is the highest common divisor of 18 and 882?
18
What is the highest common divisor of 54 and 6?
6
Calculate the highest common divisor of 1035 and 423.
9
What is the highest common divisor of 17352 and 108?
36
What is the highest common divisor of 2509 and 117?
13
Calculate the highest common divisor of 44 and 740.
4
What is the highest common factor of 145 and 15?
5
Calculate the greatest common factor of 63 and 6714.
9
Calculate the greatest common divisor of 66 and 858.
66
What is the highest common factor of 966 and 714?
42
What is the highest common factor of 130 and 1495?
65
Calculate the greatest common divisor of 114 and 24.
6
Calculate the greatest common divisor of 3091 and 132.
11
Calculate the highest common divisor of 608 and 1760.
32
Calculate the greatest common divisor of 190 and 70.
10
What is the highest common divisor of 1173 and 23?
23
What is the highest common factor of 2 and 136?
2
What is the highest common divisor of 120 and 384?
24
What is the greatest common factor of 12075 and 700?
175
What is the greatest common divisor of 396 and 484?
44
Calculate the highest common divisor of 80 and 280.
40
Calculate the highest common divisor of 9 and 6.
3
What is the greatest common divisor of 12282 and 2070?
138
Calculate the greatest common factor of 598 and 184.
46
Calculate the greatest common factor of 12 and 1686.
6
Calculate the greatest common factor of 20 and 1945.
5
Calculate the highest common factor of 6016 and 94.
94
Calculate the highest common factor of 11 and 11.
11
What is the greatest common divisor of 5339 and 19?
19
Calculate the greatest common factor of 522 and 18.
18
Calculate the highest common divisor of 128 and 80.
16
What is the highest common divisor of 256 and 2704?
16
Calculate the highest common factor of 6992 and 414.
46
Calculate the greatest common factor of 56 and 1162.
14
Calculate the highest common factor of 576 and 18.
18
Calculate the greatest common factor of 49 and 392.
49
What is the greatest common divisor of 84 and 120?
12
What is the highest common divisor of 24736 and 32?
32
Calculate the highest common factor of 962 and 494.
26
What is the highest common divisor of 26 and 455?
13
Calculate the greatest common divisor of 88440 and 22.
22
What is the highest common factor of 63 and 17073?
63
What is the greatest common divisor of 650 and 900?
50
Calculate the greatest common divisor of 50 and 4610.
10
Calculate the highest common factor of 6702 and 6.
6
Calculate the greatest common divisor of 1490 and 10.
10
What is the greatest common factor of 1357 and 118?
59
What is the highest common factor of 3 and 158?
1
What is the greatest common factor of 312 and 96?
24
Calculate the highest common factor of 200 and 32.
8
What is the highest common divisor of 161 and 2457?
7
What is the greatest common factor of 9 and 639?
9
What is the highest common divisor of 32 and 34272?
32
What is the greatest common divisor of 9212 and 1764?
196
Calculate the greatest common factor of 117 and 29679.
39
What is the highest common divisor of 192 and 13860?
12
What is the highest common factor of 50 and 460?
10
Calculate the highest common divisor of 460 and 40.
20
What is the greatest common factor of 10600 and 25?
25
Calculate the greatest common factor of 99 and 306.
9
Calculate the highest common divisor of 46 and 1403.
23
Calculate the greatest common factor of 338 and 234.
26
What is the highest common divisor of 308 and 7?
7
Calculate the greatest common factor of 844 and 11183.
211
What is the greatest common factor of 850 and 6250?
50
Calculate the highest common divisor of 8 and 248.
8
Calculate the greatest common divisor of 58108 and 199.
199
Calculate the greatest common factor of 9392 and 16.
16
Calculate the greatest common factor of 112 and 2.
2
Calculate the greatest common factor of 5454 and 54.
54
What is the greatest common divisor of 2401 and 98?
49
What is the highest common factor of 110 and 693?
11
Calculate the highest common factor of 32 and 12.
4
What is the highest common factor of 30 and 315?
15
Calculate the highest common factor of 280 and 1820.
140
What is the highest common divisor of 49 and 2989?
49
What is the highest common factor of 120 and 216?
24
Calculate the greatest common factor of 126 and 162.
18
What is the greatest common divisor of 16 and 400?
16
Calculate the greatest common factor of 296 and 8.
8
Calculate the greatest common divisor of 2325 and 186.
93
Calculate the greatest common divisor of 1196 and 208.
52
Calculate the highest common factor of 1513 and 51.
17
Calculate the highest common factor of 5675 and 25.
25
Calculate the greatest common factor of 6513 and 65.
13
What is the greatest common factor of 26 and 36?
2
What is the greatest common divisor of 651 and 186?
93
Calculate the highest common divisor of 117 and 143.
13
Calculate the greatest common factor of 176 and 242.
22
Calculate the greatest common divisor of 183 and 305.
61
Calculate the greatest common divisor of 4369 and 17.
17
What is the greatest common divisor of 1221 and 148?
37
What is the highest common divisor of 1364 and 3100?
124
What is the greatest common factor of 4002 and 2697?
87
What is the greatest common factor of 16933 and 118?
59
What is the highest common divisor of 582 and 6?
6
What is the highest common divisor of 2773 and 59?
59
Calculate the highest common factor of 10 and 85.
5
What is the highest common divisor of 8 and 532?
4
What is the highest common factor of 468 and 2496?
156
